{"id":383,"date":"2020-11-21T10:05:53","date_gmt":"2020-11-21T09:05:53","guid":{"rendered":"http:\/\/cliniquelorraine.fr\/?page_id=383"},"modified":"2021-11-01T20:23:16","modified_gmt":"2021-11-01T19:23:16","slug":"analyse","status":"publish","type":"page","link":"https:\/\/cliniquelorraine.fr\/index.php\/analyse\/","title":{"rendered":"Analyse"},"content":{"rendered":"\t\t<div data-elementor-type=\"wp-page\" data-elementor-id=\"383\" class=\"elementor elementor-383\" data-elementor-settings=\"[]\">\n\t\t\t\t\t\t\t<div class=\"elementor-section-wrap\">\n\t\t\t\t\t\t\t<section class=\"elementor-section elementor-top-section elementor-element elementor-element-67cc46a elementor-section-height-min-height elementor-section-content-middle elementor-section-stretched elementor-section-boxed elementor-section-height-default elementor-section-items-middle\" data-id=\"67cc46a\" data-element_type=\"section\" data-settings=\"{&quot;stretch_section&quot;:&quot;section-stretched&quot;,&quot;background_background&quot;:&quot;classic&quot;}\">\n\t\t\t\t\t\t<div class=\"elementor-container elementor-column-gap-default\">\n\t\t\t\t\t<div class=\"elementor-column elementor-col-100 elementor-top-column elementor-element elementor-element-7595277\" data-id=\"7595277\" data-element_type=\"column\">\n\t\t\t<div class=\"elementor-widget-wrap\">\n\t\t\t\t\t\t\t\t\t<\/div>\n\t\t<\/div>\n\t\t\t\t\t\t\t<\/div>\n\t\t<\/section>\n\t\t\t\t<section class=\"elementor-section elementor-top-section elementor-element elementor-element-ad34377 elementor-section-boxed elementor-section-height-default elementor-section-height-default\" data-id=\"ad34377\" data-element_type=\"section\" data-settings=\"{&quot;animation&quot;:&quot;none&quot;,&quot;background_background&quot;:&quot;classic&quot;}\">\n\t\t\t\t\t\t<div class=\"elementor-container elementor-column-gap-default\">\n\t\t\t\t\t<div class=\"elementor-column elementor-col-100 elementor-top-column elementor-element elementor-element-d19cbcc\" data-id=\"d19cbcc\" data-element_type=\"column\">\n\t\t\t<div class=\"elementor-widget-wrap elementor-element-populated\">\n\t\t\t\t\t\t\t\t<div class=\"elementor-element elementor-element-307e489 elementor-widget elementor-widget-heading\" data-id=\"307e489\" data-element_type=\"widget\" data-widget_type=\"heading.default\">\n\t\t\t\t<div class=\"elementor-widget-container\">\n\t\t\t<h1 class=\"elementor-heading-title elementor-size-default\">service d'analyse<\/h1>\t\t<\/div>\n\t\t\t\t<\/div>\n\t\t\t\t<div class=\"elementor-element elementor-element-8d21a53 elementor-widget elementor-widget-heading\" data-id=\"8d21a53\" data-element_type=\"widget\" data-settings=\"{&quot;_animation&quot;:&quot;none&quot;}\" data-widget_type=\"heading.default\">\n\t\t\t\t<div class=\"elementor-widget-container\">\n\t\t\t<h2 class=\"elementor-heading-title elementor-size-default\">Le bilan sanguin<\/h2>\t\t<\/div>\n\t\t\t\t<\/div>\n\t\t\t\t<div class=\"elementor-element elementor-element-27d7706 elementor-widget elementor-widget-text-editor\" data-id=\"27d7706\" data-element_type=\"widget\" data-settings=\"{&quot;_animation&quot;:&quot;none&quot;}\" data-widget_type=\"text-editor.default\">\n\t\t\t\t<div class=\"elementor-widget-container\">\n\t\t\t\t\t<div class=\"elementor-text-editor elementor-clearfix\"><p style=\"text-align: center;\"><span style=\"font-weight: 400; font-family: Exo;\">Il est conseill\u00e9 d\u2019effectuer un bilan sanguin sur votre animal en bonne sant\u00e9. Ce bilan permet de conna\u00eetre pr\u00e9cis\u00e9ment ses propres valeurs de r\u00e9f\u00e9rence, beaucoup plus fiables que les valeurs de r\u00e9f\u00e9rence \u201cdu chien\u201d (qui peut peser de 1 \u00e0 90 kilos \u2026).<\/span><\/p><\/div>\n\t\t\t\t<\/div>\n\t\t\t\t<\/div>\n\t\t\t\t\t<\/div>\n\t\t<\/div>\n\t\t\t\t\t\t\t<\/div>\n\t\t<\/section>\n\t\t\t\t<section class=\"elementor-section elementor-top-section elementor-element elementor-element-eac3e7f elementor-section-boxed elementor-section-height-default elementor-section-height-default\" data-id=\"eac3e7f\" data-element_type=\"section\">\n\t\t\t\t\t\t<div class=\"elementor-container elementor-column-gap-default\">\n\t\t\t\t\t<div class=\"elementor-column elementor-col-50 elementor-top-column elementor-element elementor-element-0e22d5f\" data-id=\"0e22d5f\" data-element_type=\"column\">\n\t\t\t<div class=\"elementor-widget-wrap elementor-element-populated\">\n\t\t\t\t\t\t\t\t<div class=\"elementor-element elementor-element-1d802bb elementor-widget elementor-widget-image\" data-id=\"1d802bb\" data-element_type=\"widget\" data-widget_type=\"image.default\">\n\t\t\t\t<div class=\"elementor-widget-container\">\n\t\t\t\t\t<div class=\"elementor-image\">\n\t\t\t\t\t\t\t\t\t\t<img width=\"1024\" height=\"683\" src=\"https:\/\/cliniquelorraine.fr\/wp-content\/uploads\/2021\/05\/prise-de-sang-1024x683.jpeg\" class=\"attachment-large size-large\" alt=\"prise de sang\" decoding=\"async\" loading=\"lazy\" srcset=\"https:\/\/cliniquelorraine.fr\/wp-content\/uploads\/2021\/05\/prise-de-sang-1024x683.jpeg 1024w, https:\/\/cliniquelorraine.fr\/wp-content\/uploads\/2021\/05\/prise-de-sang-300x200.jpeg 300w, https:\/\/cliniquelorraine.fr\/wp-content\/uploads\/2021\/05\/prise-de-sang-768x512.jpeg 768w, https:\/\/cliniquelorraine.fr\/wp-content\/uploads\/2021\/05\/prise-de-sang-930x620.jpeg 930w, https:\/\/cliniquelorraine.fr\/wp-content\/uploads\/2021\/05\/prise-de-sang.jpeg 1086w\" sizes=\"(max-width: 1024px) 100vw, 1024px\" \/>\t\t\t\t\t\t\t\t\t\t\t<\/div>\n\t\t\t\t<\/div>\n\t\t\t\t<\/div>\n\t\t\t\t\t<\/div>\n\t\t<\/div>\n\t\t\t\t<div class=\"elementor-column elementor-col-50 elementor-top-column elementor-element elementor-element-dd4cca7\" data-id=\"dd4cca7\" data-element_type=\"column\">\n\t\t\t<div class=\"elementor-widget-wrap elementor-element-populated\">\n\t\t\t\t\t\t\t\t<div class=\"elementor-element elementor-element-18af604 elementor-widget elementor-widget-text-editor\" data-id=\"18af604\" data-element_type=\"widget\" data-widget_type=\"text-editor.default\">\n\t\t\t\t<div class=\"elementor-widget-container\">\n\t\t\t\t\t<div class=\"elementor-text-editor elementor-clearfix\"><p><span style=\"font-weight: 400;\">De la m\u00eame fa\u00e7on, un bilan \u00e0 partir de 7 \u00e0 8 ans est conseill\u00e9 pour d\u00e9tecter des maladies sous-jacentes \u00e9voluant sans sympt\u00f4me apparent (insuffisance r\u00e9nale, h\u00e9patique, \u2026).<\/span><\/p><p><span style=\"font-weight: 400;\">Nous disposons d\u2019un \u00e9quipement moderne nous permettant de r\u00e9aliser sur place ces diff\u00e9rents bilans et l&rsquo;ensemble des analyses n\u00e9cessaires pour affiner nos diagnostics (H\u00e9matologie, biochimie, endocrinologie), suivre l\u2019\u00e9tat d\u2019un patient sans perte de temps ou d\u00e9tecter pr\u00e9ventivement des pathologies avant anesth\u00e9sie.<\/span><\/p><\/div>\n\t\t\t\t<\/div>\n\t\t\t\t<\/div>\n\t\t\t\t\t<\/div>\n\t\t<\/div>\n\t\t\t\t\t\t\t<\/div>\n\t\t<\/section>\n\t\t\t\t<section class=\"elementor-section elementor-top-section elementor-element elementor-element-0d93af3 elementor-section-boxed elementor-section-height-default elementor-section-height-default\" data-id=\"0d93af3\" data-element_type=\"section\">\n\t\t\t\t\t\t<div class=\"elementor-container elementor-column-gap-default\">\n\t\t\t\t\t<div class=\"elementor-column elementor-col-100 elementor-top-column elementor-element elementor-element-b3d4236\" data-id=\"b3d4236\" data-element_type=\"column\">\n\t\t\t<div class=\"elementor-widget-wrap elementor-element-populated\">\n\t\t\t\t\t\t\t\t<div class=\"elementor-element elementor-element-4adbc38 elementor-widget elementor-widget-text-editor\" data-id=\"4adbc38\" data-element_type=\"widget\" data-widget_type=\"text-editor.default\">\n\t\t\t\t<div class=\"elementor-widget-container\">\n\t\t\t\t\t<div class=\"elementor-text-editor elementor-clearfix\"><h5><b>H\u00e9matologie<\/b><\/h5>\n<p><span style=\"font-weight: 400;\">Le Lasercyte est un appareil de derni\u00e8re g\u00e9n\u00e9ration permettant de conna\u00eetre les taux de globules blancs, globules rouges et plaquettes de l\u2019organisme de fa\u00e7on fiable, rapide et pr\u00e9cise.<\/span><\/p><\/div>\n\t\t\t\t<\/div>\n\t\t\t\t<\/div>\n\t\t\t\t<div class=\"elementor-element elementor-element-e8f317d elementor-widget elementor-widget-text-editor\" data-id=\"e8f317d\" data-element_type=\"widget\" data-widget_type=\"text-editor.default\">\n\t\t\t\t<div class=\"elementor-widget-container\">\n\t\t\t\t\t<div class=\"elementor-text-editor elementor-clearfix\"><h5><b>Ionogramme<\/b><\/h5>\n<p><span style=\"font-weight: 400;\">La connaissance des concentrations en ions Sodium, Chlore et Potassium est indispensable pour corriger efficacement une d\u00e9shydratation, un exc\u00e8s ou une dilution excessive du Potassium pouvant entra\u00eener des troubles du rythme cardiaque. Cela nous permet de pr\u00e9parer la perfusion adapt\u00e9e.<\/span><\/p><\/div>\n\t\t\t\t<\/div>\n\t\t\t\t<\/div>\n\t\t\t\t<div class=\"elementor-element elementor-element-8e6ce69 elementor-widget elementor-widget-image\" data-id=\"8e6ce69\" data-element_type=\"widget\" data-widget_type=\"image.default\">\n\t\t\t\t<div class=\"elementor-widget-container\">\n\t\t\t\t\t<div class=\"elementor-image\">\n\t\t\t\t\t\t\t\t\t\t<img width=\"1024\" height=\"683\" src=\"https:\/\/cliniquelorraine.fr\/wp-content\/uploads\/2021\/10\/IMG_4200-1024x683.jpeg\" class=\"attachment-large size-large\" alt=\"\" decoding=\"async\" loading=\"lazy\" srcset=\"https:\/\/cliniquelorraine.fr\/wp-content\/uploads\/2021\/10\/IMG_4200-1024x683.jpeg 1024w, https:\/\/cliniquelorraine.fr\/wp-content\/uploads\/2021\/10\/IMG_4200-300x200.jpeg 300w, https:\/\/cliniquelorraine.fr\/wp-content\/uploads\/2021\/10\/IMG_4200-768x512.jpeg 768w, https:\/\/cliniquelorraine.fr\/wp-content\/uploads\/2021\/10\/IMG_4200-1536x1024.jpeg 1536w, https:\/\/cliniquelorraine.fr\/wp-content\/uploads\/2021\/10\/IMG_4200-2048x1365.jpeg 2048w, https:\/\/cliniquelorraine.fr\/wp-content\/uploads\/2021\/10\/IMG_4200-930x620.jpeg 930w\" sizes=\"(max-width: 1024px) 100vw, 1024px\" \/>\t\t\t\t\t\t\t\t\t\t\t<\/div>\n\t\t\t\t<\/div>\n\t\t\t\t<\/div>\n\t\t\t\t<div class=\"elementor-element elementor-element-788f3f6 elementor-widget elementor-widget-text-editor\" data-id=\"788f3f6\" data-element_type=\"widget\" data-widget_type=\"text-editor.default\">\n\t\t\t\t<div class=\"elementor-widget-container\">\n\t\t\t\t\t<div class=\"elementor-text-editor elementor-clearfix\"><h5><b>Biochimie<\/b><\/h5>\n<p><span style=\"font-weight: 400;\">L&rsquo;analyseur de biochimie offre la possibilit\u00e9 d&rsquo;explorer facilement et rapidement le fonctionnement des principaux organes internes (foie, rein, pancr\u00e9as, &#8230;).<\/span><\/p>\n<p><span style=\"font-weight: 400;\">La quantit\u00e9 de sang \u00e0 pr\u00e9lever est tr\u00e8s faible (0,25 ml) (ce qui est tr\u00e8s appr\u00e9ciable sur un animal non coop\u00e9ratif), les r\u00e9sultats sont fiables et rapides.<\/span><\/p>\n<p><span style=\"font-weight: 400;\">Ceci permet des diagnostics imm\u00e9diats et donc la mise en place rapide d&rsquo;un traitement adapt\u00e9.<\/span><\/p><\/div>\n\t\t\t\t<\/div>\n\t\t\t\t<\/div>\n\t\t\t\t<div class=\"elementor-element elementor-element-2ab1f40 elementor-widget elementor-widget-text-editor\" data-id=\"2ab1f40\" data-element_type=\"widget\" data-widget_type=\"text-editor.default\">\n\t\t\t\t<div class=\"elementor-widget-container\">\n\t\t\t\t\t<div class=\"elementor-text-editor elementor-clearfix\"><h5><b>Microscope<\/b><\/h5>\n<p><span style=\"font-weight: 400;\">Le microscope est utilis\u00e9 en dermatologie pour rechercher les causes de certaines maladies : recherche de parasites, de champignons, de bact\u00e9ries.<\/span><\/p>\n<p><span style=\"font-weight: 400;\">Il permet \u00e9galement d&rsquo;examiner des frottis sanguins pour rechercher des parasites tels que les piroplasmes, d\u2019examiner des cellules d\u2019une masse ou d\u2019un ganglion pour en d\u00e9terminer la nature (tumorale, inflammatoire, kyste, graisse, \u2026) ou de faire un suivi des chaleurs d&rsquo;une chienne en examinant des frottis vaginaux.<\/span><\/p>\n<p><span style=\"font-weight: 400;\">Les analyses urinaires font aussi appel au microscope pour mettre en \u00e9vidence des cellules anormales, des germes ou des cristaux.<\/span><\/p><\/div>\n\t\t\t\t<\/div>\n\t\t\t\t<\/div>\n\t\t\t\t<div class=\"elementor-element elementor-element-c62552f elementor-widget elementor-widget-image\" data-id=\"c62552f\" data-element_type=\"widget\" data-widget_type=\"image.default\">\n\t\t\t\t<div class=\"elementor-widget-container\">\n\t\t\t\t\t<div class=\"elementor-image\">\n\t\t\t\t\t\t\t\t\t\t<img width=\"1024\" height=\"768\" src=\"https:\/\/cliniquelorraine.fr\/wp-content\/uploads\/2021\/05\/microscope.jpeg\" class=\"attachment-large size-large\" alt=\"microscope\" decoding=\"async\" loading=\"lazy\" srcset=\"https:\/\/cliniquelorraine.fr\/wp-content\/uploads\/2021\/05\/microscope.jpeg 1024w, https:\/\/cliniquelorraine.fr\/wp-content\/uploads\/2021\/05\/microscope-300x225.jpeg 300w, https:\/\/cliniquelorraine.fr\/wp-content\/uploads\/2021\/05\/microscope-768x576.jpeg 768w\" sizes=\"(max-width: 1024px) 100vw, 1024px\" \/>\t\t\t\t\t\t\t\t\t\t\t<\/div>\n\t\t\t\t<\/div>\n\t\t\t\t<\/div>\n\t\t\t\t\t<\/div>\n\t\t<\/div>\n\t\t\t\t\t\t\t<\/div>\n\t\t<\/section>\n\t\t\t\t<section class=\"elementor-section elementor-top-section elementor-element elementor-element-ab3de48 elementor-section-content-middle elementor-section-boxed elementor-section-height-default elementor-section-height-default\" data-id=\"ab3de48\" data-element_type=\"section\">\n\t\t\t\t\t\t<div class=\"elementor-container elementor-column-gap-default\">\n\t\t\t\t\t<div class=\"elementor-column elementor-col-100 elementor-top-column elementor-element elementor-element-b72aa46\" data-id=\"b72aa46\" data-element_type=\"column\">\n\t\t\t<div class=\"elementor-widget-wrap elementor-element-populated\">\n\t\t\t\t\t\t\t\t<div class=\"elementor-element elementor-element-9984f50 elementor-widget elementor-widget-text-editor\" data-id=\"9984f50\" data-element_type=\"widget\" data-widget_type=\"text-editor.default\">\n\t\t\t\t<div class=\"elementor-widget-container\">\n\t\t\t\t\t<div class=\"elementor-text-editor elementor-clearfix\"><p><span style=\"font-weight: 400;\">L\u2019interpr\u00e9tation de ces r\u00e9sultats est facilit\u00e9e par la pr\u00e9sence d\u2019un <strong>Certificat d\u2019Etude Sup\u00e9rieure en H\u00e9matologie Biochimie<\/strong> au sein de l\u2019\u00e9quipe d\u00e9tenu par le <strong>Docteur Sessini<\/strong>.<\/span><\/p>\n<p><span style=\"font-weight: 400;\">Certaines analyses plus sp\u00e9cifiques sont adress\u00e9es \u00e0 des laboratoires sp\u00e9cialis\u00e9s v\u00e9t\u00e9rinaires, notamment en histologie, endocrinologie et cytologie.<\/span><\/p><\/div>\n\t\t\t\t<\/div>\n\t\t\t\t<\/div>\n\t\t\t\t\t<\/div>\n\t\t<\/div>\n\t\t\t\t\t\t\t<\/div>\n\t\t<\/section>\n\t\t\t\t<section class=\"elementor-section elementor-top-section elementor-element elementor-element-fd182ac elementor-section-content-middle elementor-section-boxed elementor-section-height-default elementor-section-height-default\" data-id=\"fd182ac\" data-element_type=\"section\">\n\t\t\t\t\t\t<div class=\"elementor-container elementor-column-gap-default\">\n\t\t\t\t\t<div class=\"elementor-column elementor-col-100 elementor-top-column elementor-element elementor-element-9ec75f0\" data-id=\"9ec75f0\" data-element_type=\"column\">\n\t\t\t<div class=\"elementor-widget-wrap elementor-element-populated\">\n\t\t\t\t\t\t\t\t<div class=\"elementor-element elementor-element-bc0b9b6 elementor-widget elementor-widget-text-editor\" data-id=\"bc0b9b6\" data-element_type=\"widget\" data-widget_type=\"text-editor.default\">\n\t\t\t\t<div class=\"elementor-widget-container\">\n\t\t\t\t\t<div class=\"elementor-text-editor elementor-clearfix\"><p style=\"text-align: center;\"><span style=\"font-size: 16px; color: #ffffff;\">Pensez \u00e0 laisser votre animal \u00a0<\/span><\/p><p style=\"text-align: center;\"><span style=\"font-size: 24px; color: #ffffff;\"><strong>\u00e0 jeun 12 heures avant un bilan sanguin<\/strong><\/span><\/p><p style=\"text-align: center;\"><span style=\"font-size: 16px; color: #ffffff;\">(rien \u00e0 manger mais \u00e0 boire \u00e0 volont\u00e9).<\/span><\/p><\/div>\n\t\t\t\t<\/div>\n\t\t\t\t<\/div>\n\t\t\t\t\t<\/div>\n\t\t<\/div>\n\t\t\t\t\t\t\t<\/div>\n\t\t<\/section>\n\t\t\t\t<section class=\"elementor-section elementor-top-section elementor-element elementor-element-950faac elementor-section-boxed elementor-section-height-default elementor-section-height-default\" data-id=\"950faac\" data-element_type=\"section\">\n\t\t\t\t\t\t<div class=\"elementor-container elementor-column-gap-default\">\n\t\t\t\t\t<div class=\"elementor-column elementor-col-100 elementor-top-column elementor-element elementor-element-dc15f49\" data-id=\"dc15f49\" data-element_type=\"column\">\n\t\t\t<div class=\"elementor-widget-wrap elementor-element-populated\">\n\t\t\t\t\t\t\t\t<div class=\"elementor-element elementor-element-95288fb elementor-align-center elementor-widget elementor-widget-button\" data-id=\"95288fb\" data-element_type=\"widget\" data-widget_type=\"button.default\">\n\t\t\t\t<div class=\"elementor-widget-container\">\n\t\t\t\t\t<div class=\"elementor-button-wrapper\">\n\t\t\t<a href=\"http:\/\/cliniquelorraine.fr\/index.php\/rendez-vous\/\" target=\"_blank\" class=\"elementor-button-link elementor-button elementor-size-sm\" role=\"button\">\n\t\t\t\t\t\t<span class=\"elementor-button-content-wrapper\">\n\t\t\t\t\t\t<span class=\"elementor-button-text\">Prendre rendez-vous<\/span>\n\t\t<\/span>\n\t\t\t\t\t<\/a>\n\t\t<\/div>\n\t\t\t\t<\/div>\n\t\t\t\t<\/div>\n\t\t\t\t\t<\/div>\n\t\t<\/div>\n\t\t\t\t\t\t\t<\/div>\n\t\t<\/section>\n\t\t\t\t\t\t<\/div>\n\t\t\t\t\t<\/div>\n\t\t","protected":false},"excerpt":{"rendered":"<p>service d&rsquo;analyse Le bilan sanguin Il est conseill\u00e9 d\u2019effectuer un bilan sanguin sur votre animal en bonne sant\u00e9. Ce bilan permet de conna\u00eetre pr\u00e9cis\u00e9ment ses propres valeurs de r\u00e9f\u00e9rence, beaucoup plus fiables que les valeurs de r\u00e9f\u00e9rence \u201cdu chien\u201d (qui peut peser de 1 \u00e0 90 kilos \u2026). De la m\u00eame fa\u00e7on, un bilan \u00e0&hellip;&nbsp;<a href=\"https:\/\/cliniquelorraine.fr\/index.php\/analyse\/\" class=\"\" rel=\"bookmark\">Lire la suite &raquo;<span class=\"screen-reader-text\">Analyse<\/span><\/a><\/p>\n","protected":false},"author":1,"featured_media":0,"parent":0,"menu_order":0,"comment_status":"closed","ping_status":"closed","template":"","meta":{"neve_meta_sidebar":"","neve_meta_container":"","neve_meta_enable_content_width":"","neve_meta_content_width":0,"neve_meta_title_alignment":"","neve_meta_author_avatar":"","neve_post_elements_order":"","neve_meta_disable_header":"","neve_meta_disable_footer":"","neve_meta_disable_title":"on","_ti_tpc_template_sync":false,"_ti_tpc_template_id":""},"uagb_featured_image_src":{"full":false,"thumbnail":false,"medium":false,"medium_large":false,"large":false,"1536x1536":false,"2048x2048":false,"neve-blog":false},"uagb_author_info":{"display_name":"admin6257","author_link":"https:\/\/cliniquelorraine.fr\/index.php\/author\/admin6257\/"},"uagb_comment_info":0,"uagb_excerpt":"service d&rsquo;analyse Le bilan sanguin Il est conseill\u00e9 d\u2019effectuer un bilan sanguin sur votre animal en bonne sant\u00e9. Ce bilan permet de conna\u00eetre pr\u00e9cis\u00e9ment ses propres valeurs de r\u00e9f\u00e9rence, beaucoup plus fiables que les valeurs de r\u00e9f\u00e9rence \u201cdu chien\u201d (qui peut peser de 1 \u00e0 90 kilos \u2026). De la m\u00eame fa\u00e7on, un bilan \u00e0&hellip;&nbsp;Lire\u2026","_links":{"self":[{"href":"https:\/\/cliniquelorraine.fr\/index.php\/wp-json\/wp\/v2\/pages\/383"}],"collection":[{"href":"https:\/\/cliniquelorraine.fr\/index.php\/wp-json\/wp\/v2\/pages"}],"about":[{"href":"https:\/\/cliniquelorraine.fr\/index.php\/wp-json\/wp\/v2\/types\/page"}],"author":[{"embeddable":true,"href":"https:\/\/cliniquelorraine.fr\/index.php\/wp-json\/wp\/v2\/users\/1"}],"replies":[{"embeddable":true,"href":"https:\/\/cliniquelorraine.fr\/index.php\/wp-json\/wp\/v2\/comments?post=383"}],"version-history":[{"count":59,"href":"https:\/\/cliniquelorraine.fr\/index.php\/wp-json\/wp\/v2\/pages\/383\/revisions"}],"predecessor-version":[{"id":1740,"href":"https:\/\/cliniquelorraine.fr\/index.php\/wp-json\/wp\/v2\/pages\/383\/revisions\/1740"}],"wp:attachment":[{"href":"https:\/\/cliniquelorraine.fr\/index.php\/wp-json\/wp\/v2\/media?parent=383"}],"curies":[{"name":"wp","href":"https:\/\/api.w.org\/{rel}","templated":true}]}}